) = -6*d**2 - 139*d + 4048. What is s(17)?
-49
Let c(v) = 2*v**3 - 55*v**2 + 358*v - 40. What is c(13)?
-287
Let b(w) = -w**3 + 21*w**2 - 86*w + 29. Determine b(5).
-1
Let b(r) = 2*r**2 - 76605*r + 1684339. Determine b(22).
-3
Let o(t) = 1922*t - 149912. What is o(78)?
4
Let n(l) = 2*l**3 + 148*l**2 + 239*l - 100. Calculate n(-2).
-2
Let g(c) = 7*c**3 - 13*c**2 - 61*c + 86. Give g(6).
764
Let q(n) = -n**2 + 3055*n - 272583. Calculate q(92).
13
Let b(x) = -6*x**3 - 793*x**2 - 3937*x + 21. What is b(-127)?
21
Let y(m) = -8*m**2 + 45*m + 33953. Calculate y(68).
21
Let p(y) = -y**3 + 7*y**2 - 59*y + 506. Determine p(8).
-30
Let w(z) = 9795*z - 35008. Calculate w(4).
4172
Let f(j) = 191*j + 38020. Determine f(-199).
11
Let i(f) = -9*f - 1070. Calculate i(-91).
-251
Let y(t) = 37*t**2 + 368*t + 462. Calculate y(-8).
-114
Let n(t) = 3719*t - 2517761. Calculate n(677).
2
Let f(c) = 67*c**3 - c + 7. What is f(2)?
541
Let t(y) = -391*y - 38630. Give t(-86).
-5004
Let w(o) = 87*o**2 + 15682*o - 11819. Give w(-181).
-54
Let p(i) = 956*i - 91772. Calculate p(96).
4
Let w(q) = -4*q**2 - 1161*q - 60515. Calculate w(-222).
91
Let o(k) = 4*k**3 - 233*k**2 + 66*k - 456. What is o(58)?
8
Let i(t) = 2*t**2 + 20*t - 56. Calculate i(15).
694
Let j(m) = 38*m**2 + 1050*m - 78. Calculate j(-25).
-2578
Let i(b) = b**3 - 382*b**2 - 2294*b + 193. Calculate i(-6).
-11
Let h(m) = -975*m - 1029. Give h(-1).
-54
Let z(p) = 38*p**2 + 17*p - 46. Give z(-5).
819
Let a(k) = 33*k**3 - 95*k**2 + 30*k - 22. Give a(2).
-78
Let o(j) = -678*j**2 + 79321*j + 570. Calculate o(117).
-15
Let f(m) = 158*m**2 + 580*m - 3663. Calculate f(-7).
19
Let o(u) = 9*u**2 - 437*u - 20627. What is o(78)?
43
Let z(c) = -6585*c + 3002757. What is z(456)?
-3
Let f(c) = c**3 + 27*c**2 - 458*c - 1522. What is f(-38)?
-2
Let t(i) = 3*i**2 + 597*i + 28944. Determine t(-115).
-36
Let y(s) = -21*s**2 - 11310*s - 28951. What is y(-536)?
-7
Let m(y) = -y**2 + 514*y - 8448. What is m(17)?
1
Let t(u) = 9*u**2 - 24*u + 418. Give t(10).
1078
Let q(z) = -6*z**2 + 212*z + 367. Determine q(37).
-3
Let d(t) = -2*t**3 - 57*t**2 + 132*t + 2894. Give d(-29).
-93
Let j(x) = 14022*x - 715119. Calculate j(51).
3
Let s(l) = -87754*l + 175401. Give s(2).
-107
Let x(n) = -6*n**2 - 30*n + 87. What is x(-7)?
3
Let m(v) = -54638*v + 1857690. Determine m(34).
-2
Let h(v) = 1083*v + 35666. Calculate h(-33).
-73
Let f(x) = 1130*x - 375159. Calculate f(332).
1
Let g(o) = -2609*o + 4359. Determine g(1).
1750
Let c(r) = 688*r + 249745. What is c(-363)?
1
Let r(u) = -457*u + 5804. Determine r(14).
-594
Let k(h) = 2*h**3 - 87*h**2 + 1180*h + 189. What is k(18)?
4905
Let n(f) = 435*f - 54420. Calculate n(120).
-2220
Let z(x) = -439*x**2 + 23747*x - 2164. Determine z(54).
50
Let o(k) = k**3 + 34*k**2 - 5*k - 522. Calculate o(-34).
-352
Let f(b) = b**3 + 36*b**2 - 305*b - 11143. What is f(-36)?
-163
Let u(m) = 2126*m - 57427. Give u(27).
-25
Let s(w) = 1372*w - 1068790. What is s(779)?
-2
Let f(l) = 149*l**2 + 5497*l - 490. What is f(-37)?
102
Let r(k) = -242*k**3 + 20326*k**2 + 159*k + 772. What is r(84)?
16
Let m(a) = -2*a**3 - 43*a**2 + 16780*a - 826. Calculate m(-103).
101
Let z(p) = -839*p - 90426. What is z(-108)?
186
Let q(k) = 202*k**2 - 2440*k + 202. What is q(12)?
10
Let w(d) = -1571*d + 15796. What is w(10)?
86
Let y(i) = i**3 - 362*i**2 - 3325*i - 5219. Determine y(371).
-25
Let h(d) = d**3 + 48*d**2 + 81*d - 1493. What is h(-48)?
-5381
Let g(u) = 33074*u + 1025270. Determine g(-31).
-24
Let h(m) = -2*m**3 - 7*m**2 + 1043*m - 2065. Determine h(20).
-5
Let a(x) = -9604*x + 76920. What is a(8)?
88
Let g(c) = -32151*c + 257160. What is g(8)?
-48
Let z(c) = -63*c + 16315. What is z(259)?
-2
Let m(g) = -38*g**3 - 58*g**2 - 120*g + 3. What is m(-2)?
315
Let n(i) = i**3 - 15*i**2 - 48*i + 695. Determine n(16).
183
Let x(k) = -k**3 + 31*k**2 + 501*k - 7218. What is x(10)?
-108
Let b(g) = -28*g**3 - 526*g**2 + 25*g + 49. Determine b(-19).
1740
Let d(k) = -15692800*k - 156927996. Calculate d(-10).
4
Let k(y) = 11218*y + 291664. Give k(-26).
-4
Let b(v) = -2*v**2 + 517399*v - 3104317. Determine b(6).
5
Let i(c) = -1007*c + 187456. Calculate i(186).
154
Let b(y) = -6906*y - 365896. Give b(-53).
122
Let x(w) = 644*w**2 - 3240*w - 22. Give x(5).
-122
Let i(k) = -k**3 + 283*k**2 - 2688*k - 11449. Determine i(273).
17
Let a(m) = -15*m**3 + 658*m**2 + 92*m - 191. Determine a(44).
-15
Let f(z) = 7*z**2 + 33338*z + 199849. Determine f(-6).
73
Let l(y) = 3*y**3 - 16*y**2 + 32*y - 99. What is l(5)?
36
Let b(g) = 2257*g**2 + 56424*g + 5. Determine b(-25).
30
Let m(n) = 2878*n + 1266318. Give m(-440).
-2
Let c(u) = -128*u + 8321. Calculate c(65).
1
Let d(g) = -77*g**2 - 1543*g - 27. Give d(-20).
33
Let w(m) = 27*m**2 - 85*m + 31. Determine w(0).
31
Let q(w) = -3*w**2 - 307*w + 5792. Give q(-118).
246
Let m(t) = 18601*t + 167602. Calculate m(-9).
193
Let r(f) = -f**3 + 71*f**2 + 52*f - 3177. Determine r(71).
515
Let c(j) = 2012*j + 70400. Determine c(-35).
-20
Let c(r) = 2*r**3 + 46*r**2 - 113*r + 31. Give c(2).
5
Let w(q) = -q**3 + 93*q**2 - 255*q + 6638. Give w(91).
-5
Let j(z) = 2*z**3 - 18*z**2 - 8*z + 36. Calculate j(8).
-156
Let x(j) = 2*j**3 - 307*j**2 + 697*j + 8747. Determine x(151).
-11
Let x(n) = 52*n**2 - 363*n + 2143. What is x(6)?
1837
Let b(o) = 1647*o - 19598. What is b(12)?
166
Let b(z) = 2*z**2 + 108*z + 106. Give b(-1).
0
Let y(u) = 64*u - 1558. Calculate y(24).
-22
Let x(d) = -128*d**2 + 891*d - 889. What is x(1)?
-126
Let d(s) = -5*s**2 + 185*s + 223. What is d(-1)?
33
Let s(c) = 101*c + 8517. Calculate s(-75).
942
Let y(s) = -13*s + 1965. Calculate y(140).
145
Let w(q) = 5087*q + 249383. What is w(-49)?
120
Let h(j) = -217578*j + 3263609. Calculate h(15).
-61
Let n(u) = 19680*u - 590388. Give n(30).
12
Let w(a) = a**2 - 5058*a - 71040. Calculate w(-14).
-32
Let k(l) = -257*l - 7663. Determine k(-30).
47
Let i(m) = 4*m**2 + 2011*m - 115965. Calculate i(-555).
30
Let f(x) = 15*x**2 + 1677*x + 10989. Give f(-7).
-15
Let x(w) = 13832*w + 179814. What is x(-13)?
-2
Let p(r) = r**2 - 84*r - 33233. Calculate p(-145).
-28
Let q(l) = 697*l**2 + 1338*l - 25. Determine q(-2).
87
Let y(s) = -634*s - 39348. Give y(-62).
-40
Let x(z) = -5*z**2 + 521*z - 685. Determine x(103).
-67
Let c(g) = 2*g**2 + 227*g - 16656. Calculate c(-164).
-92
Let i(g) = 344*g**2 + 3098*g + 7. Give i(-9).
-11
Let v(k) = -28*k**3 - 1896*k**2 - 1340*k + 24. What is v(-67)?
24
Let t(f) = 72*f**2 + 1623*f - 14802. Determine t(7).
87
Let u(w) = -4*w**2 + 6743*w - 1755474. Give u(1364).
-6
Let b(n) = 2*n**2 - 2916*n + 14537. What is b(5)?
7
Let j(u) = 6*u**2 - 1672*u + 83915. What is j(213)?
-7
Let c(g) = g**3 - 36*g**2 - 89*g - 1160. Determine c(39).
-68
Let m(t) = 551*t - 10304. What is m(17)?
-937
Let d(z) = z**3 - 56*z**2 + 219*z - 559. Determine d(52).
13
Let f(v) = 100748*v - 201493. What is f(2)?
3
Let y(l) = 1933*l + 61828. Determine y(-32).
-28
Let n(f) = -5364*f + 171638. Give n(32).
-10
Let j(s) = s**3 - 85*s**2 + 1248*s + 342. Give j(66).
-54
Let t(n) = -4*n**3 - 22*n**2 - 62*n - 283. Calculate t(-5).
-23
Let p(r) = 308*r - 8052. Determine p(27).
264
Let j(n) = -530*n**2 - 3179*n - 26. What is j(-6)?
-32
Let z(m) = 2618*m + 96926. Give z(-37).
60
Let h(w) = 16*w**3 + 81*w**2 + 39*w + 64. Determine h(-5).
-106
Let t(x) = 509*x**2 + 3941*x + 123. Calculate t(-8).
1171
Let t(a) = -1288*a**2 - 18034*a - 33. Calculate t(-14).
-5
Let i(r) = -4781*r + 1606256. Calculate i(336).
-160
Let u(f) = f**2 + 107*f - 11668. What is u(-174)?
-10
Let w(c) = c**2 + 346*c - 45743. Determine w(102).
-47
Let p(k) = 2362*k - 9579. Determine p(4).
-131
Let y(p) = 287678*p - 28192440. Determine y(98).
4
Let f(b) = -b**3 - 35*b**2 - 261*b + 302. Determine f(-23).
-43
Let b(v) = -9517*v + 208958. What is b(22)?
-416
Let z(b) = -5*b**3 - 427*b**2 + 3*b + 14630. What is z(-85)?
-75
Let f(g) = -32*g**2 + 96*g - 461. Give f(5).
-781
Let k(d) = -25641*d + 8179482. Determine k(319).
3
Let z(l) = -3837*l**3 - 12*l**2 - 16*l - 4. Determine z(-1).
3837
Let t(i) = -624*i + 25303. Give t(42).
-905
Let o(s) = -34*s**2 - 870*s - 5032. Give o(-17).
-68
Let t(v) = -61*v**2 + 12599*v + 18518. Give t(208).
6
Let f(m) = 61*m**2 - 83*m + 178. What is f(4)?
822
Let m(o) = -2*o**2 - 4592*o - 2304497. Give 